 = -3*o + 5, -3*v - 23 = -o. List the prime factors of o.
2, 7
Let d = -6 + -2. Let m(y) = y**3 + 7*y**2 - 10*y - 9. What are the prime factors of m(d)?
7
Suppose 9 = 3*r - 63. What are the prime factors of r?
2, 3
Let r = 10 + -10. Suppose r = 3*h - 34 - 41. List the prime factors of h.
5
Let i(f) = -f**3 - 2*f**2 + 2*f - 2. Suppose -2*g + 12 = -6*g. Let z be i(g). List the prime factors of z - -3*(-2 + 5).
2, 5
Let q(a) = -61*a - 1. Let k(p) = 2*p**2 - 10*p - 1. Let h be k(5). List the prime factors of q(h).
2, 3, 5
Let i(w) = 16*w - 1. Suppose -x - 4 = -3*p, 2*x - 2 = -p - 3. List the prime factors of i(p).
3, 5
Let j = -6 + 7. Suppose -3*c - 3 = -2*x, -4*x - j = -c - 2. What are the prime factors of ((-42)/(-12))/(c/(-2))?
7
Let w(z) be the third derivative of -z**4/12 - z**3/6 - 3*z**2. List the prime factors of w(-4).
7
Let h be 17/3 - 14/21. Suppose 0 = -3*n + 5*l + 27 + 47, -3*n + 3*l = -78. Suppose -3*b - o + n = 0, -b = -3*o - o - h. List the prime factors of b.
3
Suppose 6*v - 36 = 2*v. Let d = 5 - 3. Suppose 0 = m - 3*s + 3, v - d = 3*m - s. What are the prime factors of m?
3
Suppose 3*p + 106 = -q, 2*q = -3*p + 6*p + 103. Let o = p - -64. List the prime factors of o.
29
Let i be 0 - 0 - (5 + -4). Let s be 2/(-1) - (-6 - i). Suppose -s*u - u = -40. List the prime factors of u.
2, 5
Let f = 36 - 16. List the prime factors of f.
2, 5
Let x be 15/(-2)*8/(-12). Suppose x*m - 55 = 110. What are the prime factors of m?
3, 11
Let b(h) = -h**3 + 8*h**2 - 7*h + 10. Let c be b(7). What are the prime factors of ((-24)/c)/(22/(-275))?
2, 3, 5
Let r = 9 - 9. Suppose 5*n + 16 - 76 = r. What are the prime factors of n?
2, 3
Let w be 145/15 - 6/9. Let x = -1 - -1. Let n = w - x. List the prime factors of n.
3
Let c = -5 + 5. Suppose -4*w + 0*w = c. What are the prime factors of (-2 + (-3 - w))*-1?
5
Suppose 3*u + u = -80. Suppose 0 = 7*d - 3*d + t + 47, t = 2*d + 25. Let y = d - u. What are the prime factors of y?
2
Let x = -5 - -51. What are the prime factors of x?
2, 23
Suppose 170 = 5*v - 0*v. Suppose 0 = -4*k - c - c + v, 2*k - 2*c = 14. What are the prime factors of k?
2
Suppose 6*b = b + 30. Suppose 0 = b*h - 2*h - m - 12, 4*h = -m + 12. What are the prime factors of h?
3
Suppose 0 = 4*h - 2*h - 58. Let i = h - 9. What are the prime factors of i?
2, 5
Let s be (-111)/(-6) + 2/(-4). Suppose t - 4*u + s = -0*u, 3*t + 3*u = 21. Suppose 3*h = 16 + t. What are the prime factors of h?
2, 3
List the prime factors of 8/(-36) + 940/18.
2, 13
Let p = 9 - 7. Suppose -2*g + 34 = 2*t, -p*t - 33 = 5*g - 106. What are the prime factors of g?
13
Let j be 4/(-2) + (-6)/(-1). Suppose j*h = -5*g - 182, -g - 2*g = -3*h - 123. Let m = -22 - h. What are the prime factors of m?
3, 7
Suppose -2*f = -5*u - 219, 2*u = -3*f + 453 - 77. List the prime factors of f.
2, 61
Let c = 527 + -222. List the prime factors of c.
5, 61
Suppose 4*v - 1202 + 370 = 0. What are the prime factors of v?
2, 13
Suppose 0 = y - 37 - 61. What are the prime factors of y?
2, 7
Let z(v) = -v**3 + 10*v**2 - 4*v + 13. What are the prime factors of z(9)?
2, 29
Suppose -2*c = -116 + 2. List the prime factors of c.
3, 19
Let i(d) = -4*d - 11. List the prime factors of i(-9).
5
Suppose 2*r = 5*k + 22 + 5, 5*k - 5 = 0. Let p = -4 + r. List the prime factors of p.
2, 3
Suppose 2*h - 2 = h. List the prime factors of h.
2
Suppose -2*u + 288 = 26. What are the prime factors of u?
131
Let b = -2 - -5. Let o(c) = -4*c + 5*c**2 + 2 - b + c**3 - 2*c**3. What are the prime factors of o(3)?
5
Suppose d = 6*d - 195. Suppose -3*o = 4*j - 0*j - 29, 3*o - 3*j = -6. Suppose o - d = -4*s. List the prime factors of s.
3
List the prime factors of ((-8)/6)/((-20)/870).
2, 29
Suppose -252 = 12*r - 15*r. What are the prime factors of r?
2, 3, 7
Let d = -159 + 225. What are the prime factors of d?
2, 3, 11
Let k = 6 - 2. Suppose 47 = k*x - 9. What are the prime factors of x?
2, 7
Let y(v) = -v**3 + 4*v**2 - v - 2. Let o be y(2). Let b be (22/3)/(o/(-72)). What are the prime factors of (-2)/6 - b/18?
7
Let v = -21 + 122. List the prime factors of v.
101
Suppose -2*i + 0*i = 0. Suppose i = -n + 2*u - 0 + 13, 2*u = 3*n - 19. Suppose 4*k - b - 56 = 0, -55 = -0*k - n*k + 4*b. List the prime factors of k.
13
Let n(k) = -2*k**3 - k**2 + 3*k + 3. Suppose 8*d = 5*d + r - 5, 3*r - 1 = 2*d. What are the prime factors of n(d)?
3
Suppose 3*k = -2 + 11. Suppose 6*t - 3 = k*t. What are the prime factors of t + 4/((-12)/(-9))?
2
Suppose 5*a - 2*a - 12 = 0. List the prime factors of a/(-14) - (-592)/14.
2, 3, 7
Suppose 5 + 3 = 4*g. Let j(z) = -5*z - 7. Let o be j(-4). Suppose w - g*a = o, 4*w - 5*a = 28 + 18. List the prime factors of w.
3
Suppose 5*h + 0*g - 5*g - 95 = 0, -4*h - 5*g = -58. What are the prime factors of h?
17
Suppose -z = 3*w - 115, 2*w - 615 = -5*z - 3*w. What are the prime factors of z?
127
Suppose -7*g + 653 + 250 = 0. What are the prime factors of g?
3, 43
Let o be (-4)/(-18) + 20/(-9). Let u = o + 16. What are the prime factors of u?
2, 7
Let u = -65 - -167. List the prime factors of u.
2, 3, 17
Let c(t) = t**2 + 2*t + 1. Let q = -1 - -4. Let b be c(q). List the prime factors of b/6*(3 - 0).
2
Suppose -5*y = -2*m - 89, -5*m + 93 = 4*y + 2. What are the prime factors of y?
19
Suppose 0 = d - 4*i - 12, -3*d + 5*i = -0*d - 15. Let m be 0 - (d - -1) - 2. Let c(y) = -2*y - 4. List the prime factors of c(m).
2
Let x = -119 + 181. Let n = x - 43. What are the prime factors of n?
19
Let c be (3/6)/((-2)/4). Let p = c + 0. Let b(s) = 9*s**2 - s - 1. What are the prime factors of b(p)?
3
Suppose 3*n + 3 = 9. Suppose 4*a - n = 14. What are the prime factors of a?
2
Let t = 12 + 3. List the prime factors of t.
3, 5
Let g(t) = t**2 + 4*t + 6. Let w be g(-4). Suppose y = 27 - w. What are the prime factors of y?
3, 7
Let b = 5 - 4. List the prime factors of b/2*22 + 0.
11
List the prime factors of (-1 + 1)/(-1) - 438/(-6).
73
Let k = -62 - -116. List the prime factors of k.
2, 3
What are the prime factors of -2 + 1 + 2 - -22?
23
Let i(z) = 5*z - 16. Let x(b) = 4*b - 15. Let o(l) = 5*i(l) - 6*x(l). List the prime factors of o(-7).
3
Suppose -4*t = 2*u + 6 - 24, -3*t + 2*u = 4. Suppose 38 = 3*n - 0*m - t*m, m + 24 = 2*n. List the prime factors of n.
2, 5
Let m be (8/(-12))/(2/(-21)). Let u = 9 + m. List the prime factors of u.
2
Let l(i) = i**2 - 7*i + 5. Suppose -5*c + 20 = -10. Let q be l(c). List the prime factors of (-27)/q*2/6.
3
Let d be ((-14)/6 + -1)*-3. Let v be 4/(-6)*(-45)/d. Suppose 0*l + 18 = v*l. What are the prime factors of l?
2, 3
Let b = -6 + -10. Suppose -4*g = 5*x - 135, 5*x + 145 = 2*g + 2*g. Let s = b + g. What are the prime factors of s?
19
Let u(j) = -j + 9. Let w be u(5). Suppose -w*s + 3*x + 144 = 0, 3*s - 3*x = -2*x + 108. List the prime factors of s.
2, 3
Suppose -3*o + 4 = -v - 0, -20 = 3*v - o. Let p = -3 - v. What are the prime factors of p?
2
Let a(w) = -w - 2. Let n be a(-6). Let h(q) = q**2 - 5*q + 3. Let y be h(n). List the prime factors of (0 + y)*(2 - 11).
3
Let y(a) = a**2 - a - 1. Let d be y(-2). Suppose d - 25 = -4*w. Suppose -12 = 4*i, h - 21 = w*i - i. List the prime factors of h.
3
Let z(k) be the third derivative of -7*k**4/24 - 13*k**3/6 - k**2. What are the prime factors of z(-7)?
2, 3
Let t = 50 + -35. What are the prime factors of t?
3, 5
Let m(s) = 2*s**3. Let j be (-6)/(-27) - 58/18. Let g be 3/(-1) + (1 - j). List the prime factors of m(g).
2
Let g(k) = k**3 - 3*k**2 - 2*k + 7. Let b = 4 + 0. List the prime factors of g(b).
3, 5
Let z(d) = 2*d**2 + 4*d - 3. Let t be z(-5). Let u(y) = -y**2 + 14. Let p be u(0). Let f = t - p. List the prime factors of f.
13
Suppose 4*c + 9 = 3*c. What are the prime factors of (c - 1)*36/(-20)?
2, 3
Suppose 0 = -m + 2, -2*m = -3*b - 4*m + 4. Suppose 4*s = 3*s - 2*t + 34, -3*s + 4*t + 112 = b. Suppose 4*r - r - s = 0. What are the prime factors of r?
2, 3
Let u(k) = k**3 + 15*k**2 - 10*k + 13. List the prime factors of u(-15).
163
Let y = -13 + 9. Let l = 10 - 4. Let o = l + y. What are the prime factors of o?
2
Let b(v) = v - 4. Let p be b(6). Suppose 5*u = p*u + 12. List the prime factors of u.
2
Suppose 0 = 2*v - 11 + 1. Suppose -w - 53 = -4*r, -6*r - v*w + 11 = -3*r. What are the prime factors of r?
2, 3
Let x(c) = -c**3 + 9*c**2 - c + 11. Let